{"id":421,"date":"2026-02-19T11:15:32","date_gmt":"2026-02-19T10:15:32","guid":{"rendered":"https:\/\/ensemble-paroissial-reynies.fr\/?page_id=421"},"modified":"2026-02-19T11:33:29","modified_gmt":"2026-02-19T10:33:29","slug":"bapteme","status":"publish","type":"page","link":"https:\/\/ensemble-paroissial-reynies.fr\/?page_id=421","title":{"rendered":"Bapt\u00eame"},"content":{"rendered":"\n<div class=\"wp-block-group is-nowrap is-layout-flex wp-container-core-group-is-layout-ad2f72ca wp-block-group-is-layout-flex\">\n<figure class=\"wp-block-image size-full is-resized is-style-rounded\"><img loading=\"lazy\" decoding=\"async\" width=\"300\" height=\"207\" src=\"https:\/\/ensemble-paroissial-reynies.fr\/wp-content\/uploads\/paroisse\/Bapt\u00eame\/bapteme-300x207-1.png\" alt=\"\" class=\"wp-image-414\" style=\"width:158px;height:auto\"\/><\/figure>\n\n\n\n<p style=\"font-size:15px\">Il n\u2019y a pas d\u2019\u00e2ge pour demander le bapt\u00eame.<strong>\u00a0Avant ses six ans<\/strong>, un enfant sera baptis\u00e9 \u00e0 la demande de ses parents, le bapt\u00eame de votre enfant se pr\u00e9pare s\u00e9rieusement : <strong><mark style=\"background-color:rgba(0, 0, 0, 0)\" class=\"has-inline-color has-rouge-color\">contactez la paroisse au moins 6 mois avant la date pr\u00e9vue du bapt\u00eame<\/mark><\/strong>.\u00a0<strong>Si l\u2019enfant a plus de 6 ans<\/strong>, <strong>si le futur baptis\u00e9 est adolescent ou adulte<\/strong>, le chemin vers le Bapt\u00eame <strong>sera diff\u00e9rent<\/strong>, visitez la page \u00ab\u00a0<a href=\"https:\/\/ensemble-paroissial-reynies.fr\/?page_id=3470\">bapt\u00eame des jeunes et des adultes<\/a>\u00a0\u00bb pour avoir plus d\u2019informations.<\/p>\n<\/div>\n\n\n\n<div style=\"height:6px\" aria-hidden=\"true\" class=\"wp-block-spacer\"><\/div>\n\n\n\n<details class=\"wp-block-details has-base-3-color has-azur-background-color has-text-color has-background has-link-color wp-elements-b91d77d87a622e0c77571fb4c8080ecb is-layout-flow wp-block-details-is-layout-flow\" style=\"font-style:normal;font-weight:600\"><summary><strong>Pourquoi je demande le bapt\u00eame pour mon enfant ?<\/strong><\/summary>\n<div style=\"height:11px\" aria-hidden=\"true\" class=\"wp-block-spacer\"><\/div>\n\n\n\n<p style=\"font-size:15px\">Demander le bapt\u00eame pour son enfant n\u2019est pas une action anodine. Vous allez devoir participer \u00e0 des rencontres et vous serez amen\u00e9s \u00e0 vous poser des questions car demander le bapt\u00eame pour son enfant,<\/p>\n\n\n\n<ul class=\"wp-block-list\">\n<li style=\"font-size:15px\">c\u2019est croire que Dieu l\u2019aime et vouloir qu\u2019Il soit son P\u00e8re,<\/li>\n\n\n\n<li style=\"font-size:15px\">c\u2019est aussi le faire entrer dans l\u2019\u00c9glise catholique,<\/li>\n\n\n\n<li style=\"font-size:15px\">c\u2019est lui apprendre \u00e0 vivre en chr\u00e9tien,<\/li>\n\n\n\n<li style=\"font-size:15px\">c\u2019est s\u2019engager :\n<ul class=\"wp-block-list\">\n<li>\u00e0 lui parler de Dieu, de son amour pour nous,<\/li>\n\n\n\n<li>\u00e0 lui faire d\u00e9couvrir la joie de la pri\u00e8re (Notre P\u00e8re, Je vous Salue Marie),<\/li>\n\n\n\n<li>\u00e0 l\u2019\u00e9duquer d\u2019une fa\u00e7on chr\u00e9tienne,<\/li>\n\n\n\n<li>\u00e0 l\u2019inscrire au cat\u00e9chisme \u00e0 7 ans (CE1) afin de soutenir l\u2019\u00e9ducation qu\u2019il aura re\u00e7u de vous,<\/li>\n\n\n\n<li>\u00e0 participer r\u00e9guli\u00e8rement \u00e0 la vie de la paroisse (messe le dimanche).<\/li>\n<\/ul>\n<\/li>\n<\/ul>\n<\/details>\n\n\n\n<div style=\"height:11px\" aria-hidden=\"true\" class=\"wp-block-spacer\"><\/div>\n\n\n\n<details class=\"wp-block-details has-base-3-color has-azur-background-color has-text-color has-background has-link-color wp-elements-76c54c6eb38adcf53b9a8f4c0b74267c is-layout-flow wp-block-details-is-layout-flow\" style=\"font-style:normal;font-weight:600\"><summary><strong>Chemin vers le bapt\u00eame (pour les petits enfants)<\/strong><\/summary>\n<div style=\"height:11px\" aria-hidden=\"true\" class=\"wp-block-spacer\"><\/div>\n\n\n\n<p style=\"font-size:15px\">Vous voulez faire baptiser votre enfant, <mark style=\"background-color:rgba(0, 0, 0, 0)\" class=\"has-inline-color has-global-color-10-color\">contactez la paroisse&nbsp;<strong>au moins 6 mois<\/strong>&nbsp;avant<\/mark> la date \u00e0 laquelle vous aimeriez que cette importante \u00e9tape de la vie chr\u00e9tienne soit c\u00e9l\u00e9br\u00e9e. <strong><mark style=\"background-color:rgba(0, 0, 0, 0)\" class=\"has-inline-color has-vert-prairie-color\"><em>Le choix d\u00e9finitif de la date du bapt\u00eame sera fix\u00e9 en fonction du planning de la paroisse.<\/em><\/mark><\/strong><br>Nous vous demanderons de remplir une&nbsp;<strong>fiche de renseignements<\/strong>&nbsp;et de nous fournir une copie int\u00e9grale de l\u2019acte de naissance du futur baptis\u00e9.<br>Vous devrez choisir un parrain et une marraine. Ils seront proches de l\u2019enfant. Ils aideront les parents pour son \u00e9ducation chr\u00e9tienne. Il est donc indispensable qu\u2019ils soient baptis\u00e9s et pr\u00e9f\u00e9rable qu\u2019ils aient suivi le cat\u00e9chisme au moins jusqu\u2019\u00e0 la profession de foi, et normalement jusqu\u2019\u00e0 la confirmation et qu\u2019ils puissent apporter, aujourd\u2019hui un t\u00e9moignage de vie chr\u00e9tienne \u00e0 l\u2019enfant. Vous devrez nous fournir leur certificat de bapt\u00eame.<\/p>\n\n\n\n<p style=\"font-size:15px\"><strong>Vous devrez participer \u00e0 trois rencontres de pr\u00e9paration&nbsp;<\/strong>avec les \u00e9quipes de pr\u00e9paration au bapt\u00eame, ces rencontres&nbsp;<strong>sont obligatoires<\/strong>. Ces rencontres ont pour but&nbsp;:<\/p>\n\n\n\n<ul class=\"wp-block-list\">\n<li style=\"font-size:15px\">de r\u00e9fl\u00e9chir sur le sens du bapt\u00eame<\/li>\n\n\n\n<li style=\"font-size:15px\">de prendre conscience de l\u2019engagement \u00e0 donner une \u00e9ducation chr\u00e9tienne<\/li>\n\n\n\n<li style=\"font-size:15px\">de se pr\u00e9parer \u00e0 la c\u00e9l\u00e9bration du bapt\u00eame<\/li>\n<\/ul>\n\n\n\n<p style=\"font-size:15px\">Pour l\u2019ann\u00e9e 2025-2026 le tableau des rencontres vous est propos\u00e9 ci-dessous. Choisissez une session dans le trimestre pr\u00e9c\u00e9dant la date du bapt\u00eame et inscrivez vous aupr\u00e8s de la paroisse pour que les rencontres puissent \u00eatre pr\u00e9par\u00e9es et que la session ne soit pas effac\u00e9e du calendrier faute d\u2019inscrits.<\/p>\n\n\n\n<p style=\"font-size:15px\"><em>L\u2019entr\u00e9e dans l\u2019\u00c9glise est un acte gratuit<\/em>.&nbsp;<strong>Mais<\/strong>&nbsp;pour la pr\u00e9paration et l\u2019organisation mat\u00e9rielle du bapt\u00eame (livret de bapt\u00eame, et autres), les frais de participation sont au prix indicatif de 80\u20ac (\u00e0 r\u00e9gler lors de l\u2019inscription). Dans cette somme est inclus le prix d\u2019une Messe d\u2019action de gr\u00e2ce qui sera c\u00e9l\u00e9br\u00e9e le 1<sup>er<\/sup>&nbsp;dimanche du trimestre qui suit le bapt\u00eame.<\/p>\n<\/details>\n\n\n\n<div style=\"height:11px\" aria-hidden=\"true\" class=\"wp-block-spacer\"><\/div>\n\n\n\n<details class=\"wp-block-details has-base-3-color has-azur-background-color has-text-color has-background has-link-color wp-elements-142947c769a269efcdc34994e9439e5a is-layout-flow wp-block-details-is-layout-flow\" style=\"font-style:normal;font-weight:600\"><summary><strong>RENCONTRES PR\u00c9PARATION AU BAPT\u00caME<\/strong>&nbsp;<strong>ANN\u00c9E 2025-2026<\/strong><\/summary>\n<div style=\"height:11px\" aria-hidden=\"true\" class=\"wp-block-spacer\"><\/div>\n\n\n\n<p style=\"font-size:15px\"><em><strong>Sessions pour un bapt\u00eame pr\u00e9vu de janvier \u00e0 mars 2026<\/strong><\/em><\/p>\n\n\n\n<figure class=\"wp-block-flexible-table-block-table has-link-color wp-elements-510e3b907939d307d51eb0dce1f43c25\"><table class=\"has-contrast-color has-base-3-background-color has-text-color has-background has-link-color\" style=\"border-collapse:collapse;width:50%;border-style:solid\"><thead><tr><th style=\"background-color:var(--base)\">Session<\/th><th style=\"background-color:var(--base)\">Date des rencontres<\/th><\/tr><\/thead><tbody><tr><td style=\"text-align:left;border-style:solid;border-color:var(--contrast);background-color:var(--base-2)\">1<\/td><td style=\"text-align:left;border-style:solid;border-color:var(--contrast);background-color:var(--base-2)\">03\/10\/2025, 07\/11\/2025 et 05\/12\/2025<\/td><\/tr><tr><td style=\"border-color:var(--contrast);background-color:var(--base-2)\">2<\/td><td style=\"border-color:var(--contrast);background-color:var(--base-2)\">17\/10\/2025, 21\/11\/2025 et 12\/12\/2025<\/td><\/tr><\/tbody><\/table><\/figure>\n\n\n\n<p style=\"font-size:15px\"><em><strong>Sessions pour un bapt\u00eame pr\u00e9vu d\u2019avril \u00e0 juin 2026<\/strong><\/em><\/p>\n\n\n\n<figure class=\"wp-block-flexible-table-block-table has-link-color wp-elements-8a08d34ae715d1e36175987a163812b7\"><table class=\"has-contrast-color has-base-3-background-color has-text-color has-background has-link-color\" style=\"border-collapse:collapse;width:50%;border-style:solid\"><thead><tr><th style=\"background-color:var(--base)\">Session<\/th><th style=\"background-color:var(--base)\">Date des rencontres<\/th><\/tr><\/thead><tbody><tr><td style=\"text-align:left;border-style:solid;border-color:var(--contrast);background-color:var(--base-2)\">1<\/td><td style=\"text-align:left;border-style:solid;border-color:var(--contrast);background-color:var(--base-2)\">09\/01\/2026, 06\/02\/2026 et 06\/03\/2026<\/td><\/tr><tr><td style=\"border-color:var(--contrast);background-color:var(--base-2)\">2<\/td><td style=\"border-color:var(--contrast);background-color:var(--base-2)\">23\/01\/2026, 20\/02\/2026 et 20\/03\/2026<\/td><\/tr><\/tbody><\/table><\/figure>\n\n\n\n<p style=\"font-size:15px\"><em><strong>Sessions pour un bapt\u00eame pr\u00e9vu de juillet \u00e0 septembre 2026<\/strong><\/em><\/p>\n\n\n\n<figure class=\"wp-block-flexible-table-block-table has-link-color wp-elements-aafde31d0b0a4e9cfd2a0dc07397174c\"><table class=\"has-contrast-color has-base-3-background-color has-text-color has-background has-link-color\" style=\"border-collapse:collapse;width:50%;border-style:solid\"><thead><tr><th style=\"background-color:var(--base)\">Session<\/th><th style=\"background-color:var(--base)\">Date des rencontres<\/th><\/tr><\/thead><tbody><tr><td style=\"text-align:left;border-style:solid;border-color:var(--contrast);background-color:var(--base-2)\">1<\/td><td style=\"text-align:left;border-style:solid;border-color:var(--contrast);background-color:var(--base-2)\">10\/04\/2026, 07\/05\/2026 et 05\/06\/2026<\/td><\/tr><tr><td style=\"border-color:var(--contrast);background-color:var(--base-2)\">2<\/td><td style=\"border-color:var(--contrast);background-color:var(--base-2)\">24\/04\/2026, 22\/05\/2026 et 19\/06\/2026<\/td><\/tr><\/tbody><\/table><\/figure>\n<\/details>\n\n\n\n<div style=\"height:26px\" aria-hidden=\"true\" class=\"wp-block-spacer\"><\/div>\n\n\n\n<p style=\"font-size:15px\"><em><strong>Retrouvez toutes ses informations<\/strong> dans le petit livre<\/em>t&nbsp;<strong>Chemin vers le bapt\u00eam<\/strong>e (t\u00e9l\u00e9chargeable en cliquant&nbsp;<a href=\"https:\/\/ensemble-paroissial-reynies.fr\/wp-content\/uploads\/paroisse\/Bapt\u00eame\/livret-prepa-bapteme-epreynies-v4.pdf\" target=\"_blank\" rel=\"noreferrer noopener\">ICI<\/a>, \u00e0 imprimer en recto-verso retournement sur bord court)<\/p>\n\n\n\n<hr class=\"wp-block-separator has-alpha-channel-opacity is-style-wide\"\/>\n\n\n\n<p style=\"font-size:18px\"><strong>Pour contacter la paroisse vous pouvez :<\/strong><\/p>\n\n\n\n<ul class=\"wp-block-list\">\n<li style=\"font-size:15px\">vous rendre \u00e0 la&nbsp;<a href=\"https:\/\/ensemble-paroissial-reynies.fr\/?page_id=10\" target=\"_blank\" rel=\"noopener\" title=\"Contact et Plan du site\">maison paroissiale<\/a>&nbsp;(2460 Route de Reynies, 82370 Corbarieu), une permanence est assur\u00e9e tous les jeudis matin de 9h30 \u00e0 11h00<\/li>\n\n\n\n<li style=\"font-size:15px\">envoyer un mail \u00e0 <a href=\"mailto:sainteannedereynies@gmail.com\" target=\"_blank\" rel=\"noopener\" title=\"\">sainteannedereynies@gmail.com<\/a> en donnant vos noms, pr\u00e9noms et un num\u00e9ro de t\u00e9l\u00e9phone pour que l\u2019on puisse vous joindre<\/li>\n\n\n\n<li>utiliser le formulaire de <a href=\"https:\/\/ensemble-paroissial-reynies.fr\/?page_id=595\" title=\"Formulaire de contact\">contact<\/a><\/li>\n<\/ul>\n\n\n\n<hr class=\"wp-block-separator has-alpha-channel-opacity\"\/>\n\n\n\n<details class=\"wp-block-details is-layout-flow wp-block-details-is-layout-flow\"><summary><strong><em>Conditions d\u2019utilisation de vos donn\u00e9es personnelles<\/em><\/strong><\/summary>\n<p class=\"has-small-font-size\"><em>Vos coordonn\u00e9es sont conserv\u00e9es par traitement informatique uniquement pour maintenir un lien d\u2019information des activit\u00e9s paroissiales et dioc\u00e9saines et ne sont ni divulgu\u00e9es ni partag\u00e9es avec d\u2019autres organismes.<\/em><\/p>\n\n\n\n<p class=\"has-small-font-size\"><em>Conform\u00e9ment \u00e0 la loi \u201cInformatique et Libert\u00e9s\u201d du 6 janvier 1978 modifi\u00e9e et au R\u00e8glement Europ\u00e9en du 17 avril 2016, nous nous engageons \u00e0 vous garantir le droit d\u2019acc\u00e8s, d\u2019information, de rectification, d\u2019opposition et de suppression des informations qui vous concernent.<\/em><\/p>\n\n\n\n<p class=\"has-small-font-size\"><em>Si vous d\u00e9sirez exercer vos droits ou ne plus recevoir de courrier de notre part, vous pouvez nous \u00e9crire \u00e0 :&nbsp;<a href=\"mailto:sainteannedereynies@gmail.com\" target=\"_blank\" rel=\"noreferrer noopener\">sainteannedereynies@gmail.com<\/a>.<\/em><\/p>\n<\/details>\n\n\n\n<hr class=\"wp-block-separator has-alpha-channel-opacity\"\/>\n","protected":false},"excerpt":{"rendered":"<p>Il n\u2019y a pas d\u2019\u00e2ge pour demander le bapt\u00eame.\u00a0Avant ses six ans, un enfant sera baptis\u00e9 \u00e0 la demande de ses parents, le bapt\u00eame de votre enfant se pr\u00e9pare s\u00e9rieusement : contactez la paroisse au moins 6 mois avant la date pr\u00e9vue du bapt\u00eame.\u00a0Si l\u2019enfant a plus de 6 ans, si le futur baptis\u00e9 est &#8230; <a title=\"Bapt\u00eame\" class=\"read-more\" href=\"https:\/\/ensemble-paroissial-reynies.fr\/?page_id=421\" aria-label=\"En savoir plus sur Bapt\u00eame\">Lire la suite<\/a><\/p>\n","protected":false},"author":1,"featured_media":0,"parent":419,"menu_order":1,"comment_status":"closed","ping_status":"closed","template":"","meta":{"_eb_attr":"","pgc_sgb_lightbox_settings":"","footnotes":""},"class_list":["post-421","page","type-page","status-publish"],"yoast_head":"<!-- This site is optimized with the Yoast SEO plugin v27.5 - https:\/\/yoast.com\/product\/yoast-seo-wordpress\/ -->\n<title>Bapt\u00eame - Ensemble paroissial de Reyni\u00e8s<\/title>\n<meta name=\"description\" content=\"Ensemble paroissial de Reyni\u00e8s - Ensemble paroissial de Reyni\u00e8s\" \/>\n<meta name=\"robots\" content=\"index, follow, max-snippet:-1, max-image-preview:large, max-video-preview:-1\" \/>\n<link rel=\"canonical\" href=\"https:\/\/ensemble-paroissial-reynies.fr\/?page_id=421\" \/>\n<meta property=\"og:locale\" content=\"fr_FR\" \/>\n<meta property=\"og:type\" content=\"article\" \/>\n<meta property=\"og:title\" content=\"Bapt\u00eame - Ensemble paroissial de Reyni\u00e8s\" \/>\n<meta property=\"og:description\" content=\"Ensemble paroissial de Reyni\u00e8s - Ensemble paroissial de Reyni\u00e8s\" \/>\n<meta property=\"og:url\" content=\"https:\/\/ensemble-paroissial-reynies.fr\/?page_id=421\" \/>\n<meta property=\"og:site_name\" content=\"Ensemble paroissial de Reyni\u00e8s\" \/>\n<meta property=\"article:modified_time\" content=\"2026-02-19T10:33:29+00:00\" \/>\n<meta name=\"twitter:card\" content=\"summary_large_image\" \/>\n<meta name=\"twitter:label1\" content=\"Dur\u00e9e de lecture estim\u00e9e\" \/>\n\t<meta name=\"twitter:data1\" content=\"5 minutes\" \/>\n<script type=\"application\/ld+json\" class=\"yoast-schema-graph\">{\"@context\":\"https:\\\/\\\/schema.org\",\"@graph\":[{\"@type\":\"WebPage\",\"@id\":\"https:\\\/\\\/ensemble-paroissial-reynies.fr\\\/?page_id=421\",\"url\":\"https:\\\/\\\/ensemble-paroissial-reynies.fr\\\/?page_id=421\",\"name\":\"Bapt\u00eame - Ensemble paroissial de Reyni\u00e8s\",\"isPartOf\":{\"@id\":\"https:\\\/\\\/ensemble-paroissial-reynies.fr\\\/#website\"},\"datePublished\":\"2026-02-19T10:15:32+00:00\",\"dateModified\":\"2026-02-19T10:33:29+00:00\",\"description\":\"Ensemble paroissial de Reyni\u00e8s - Ensemble paroissial de Reyni\u00e8s\",\"breadcrumb\":{\"@id\":\"https:\\\/\\\/ensemble-paroissial-reynies.fr\\\/?page_id=421#breadcrumb\"},\"inLanguage\":\"fr-FR\",\"potentialAction\":[{\"@type\":\"ReadAction\",\"target\":[\"https:\\\/\\\/ensemble-paroissial-reynies.fr\\\/?page_id=421\"]}]},{\"@type\":\"BreadcrumbList\",\"@id\":\"https:\\\/\\\/ensemble-paroissial-reynies.fr\\\/?page_id=421#breadcrumb\",\"itemListElement\":[{\"@type\":\"ListItem\",\"position\":1,\"name\":\"Home\",\"item\":\"https:\\\/\\\/ensemble-paroissial-reynies.fr\\\/\"},{\"@type\":\"ListItem\",\"position\":2,\"name\":\"Accueil\",\"item\":\"https:\\\/\\\/ensemble-paroissial-reynies.fr\\\/\"},{\"@type\":\"ListItem\",\"position\":3,\"name\":\"Vie chr\u00e9tienne\",\"item\":\"https:\\\/\\\/ensemble-paroissial-reynies.fr\\\/?page_id=419\"},{\"@type\":\"ListItem\",\"position\":4,\"name\":\"Bapt\u00eame\"}]},{\"@type\":\"WebSite\",\"@id\":\"https:\\\/\\\/ensemble-paroissial-reynies.fr\\\/#website\",\"url\":\"https:\\\/\\\/ensemble-paroissial-reynies.fr\\\/\",\"name\":\"Ensemble paroissial de Reyni\u00e8s\",\"description\":\"\",\"publisher\":{\"@id\":\"https:\\\/\\\/ensemble-paroissial-reynies.fr\\\/#organization\"},\"alternateName\":\"EPReyni\u00e8s\",\"potentialAction\":[{\"@type\":\"SearchAction\",\"target\":{\"@type\":\"EntryPoint\",\"urlTemplate\":\"https:\\\/\\\/ensemble-paroissial-reynies.fr\\\/?s={search_term_string}\"},\"query-input\":{\"@type\":\"PropertyValueSpecification\",\"valueRequired\":true,\"valueName\":\"search_term_string\"}}],\"inLanguage\":\"fr-FR\"},{\"@type\":\"Organization\",\"@id\":\"https:\\\/\\\/ensemble-paroissial-reynies.fr\\\/#organization\",\"name\":\"Ensemble paroissial de Reyni\u00e8s\",\"alternateName\":\"EPReyni\u00e8s\",\"url\":\"https:\\\/\\\/ensemble-paroissial-reynies.fr\\\/\",\"logo\":{\"@type\":\"ImageObject\",\"inLanguage\":\"fr-FR\",\"@id\":\"https:\\\/\\\/ensemble-paroissial-reynies.fr\\\/#\\\/schema\\\/logo\\\/image\\\/\",\"url\":\"https:\\\/\\\/ensemble-paroissial-reynies.fr\\\/wp-content\\\/uploads\\\/paroisse\\\/nouveau-logo-catechisme-paroisse-07-2023.jpg\",\"contentUrl\":\"https:\\\/\\\/ensemble-paroissial-reynies.fr\\\/wp-content\\\/uploads\\\/paroisse\\\/nouveau-logo-catechisme-paroisse-07-2023.jpg\",\"width\":666,\"height\":698,\"caption\":\"Ensemble paroissial de Reyni\u00e8s\"},\"image\":{\"@id\":\"https:\\\/\\\/ensemble-paroissial-reynies.fr\\\/#\\\/schema\\\/logo\\\/image\\\/\"}}]}<\/script>\n<!-- \/ Yoast SEO plugin. -->","yoast_head_json":{"title":"Bapt\u00eame - Ensemble paroissial de Reyni\u00e8s","description":"Ensemble paroissial de Reyni\u00e8s - Ensemble paroissial de Reyni\u00e8s","robots":{"index":"index","follow":"follow","max-snippet":"max-snippet:-1","max-image-preview":"max-image-preview:large","max-video-preview":"max-video-preview:-1"},"canonical":"https:\/\/ensemble-paroissial-reynies.fr\/?page_id=421","og_locale":"fr_FR","og_type":"article","og_title":"Bapt\u00eame - Ensemble paroissial de Reyni\u00e8s","og_description":"Ensemble paroissial de Reyni\u00e8s - Ensemble paroissial de Reyni\u00e8s","og_url":"https:\/\/ensemble-paroissial-reynies.fr\/?page_id=421","og_site_name":"Ensemble paroissial de Reyni\u00e8s","article_modified_time":"2026-02-19T10:33:29+00:00","twitter_card":"summary_large_image","twitter_misc":{"Dur\u00e9e de lecture estim\u00e9e":"5 minutes"},"schema":{"@context":"https:\/\/schema.org","@graph":[{"@type":"WebPage","@id":"https:\/\/ensemble-paroissial-reynies.fr\/?page_id=421","url":"https:\/\/ensemble-paroissial-reynies.fr\/?page_id=421","name":"Bapt\u00eame - Ensemble paroissial de Reyni\u00e8s","isPartOf":{"@id":"https:\/\/ensemble-paroissial-reynies.fr\/#website"},"datePublished":"2026-02-19T10:15:32+00:00","dateModified":"2026-02-19T10:33:29+00:00","description":"Ensemble paroissial de Reyni\u00e8s - Ensemble paroissial de Reyni\u00e8s","breadcrumb":{"@id":"https:\/\/ensemble-paroissial-reynies.fr\/?page_id=421#breadcrumb"},"inLanguage":"fr-FR","potentialAction":[{"@type":"ReadAction","target":["https:\/\/ensemble-paroissial-reynies.fr\/?page_id=421"]}]},{"@type":"BreadcrumbList","@id":"https:\/\/ensemble-paroissial-reynies.fr\/?page_id=421#breadcrumb","itemListElement":[{"@type":"ListItem","position":1,"name":"Home","item":"https:\/\/ensemble-paroissial-reynies.fr\/"},{"@type":"ListItem","position":2,"name":"Accueil","item":"https:\/\/ensemble-paroissial-reynies.fr\/"},{"@type":"ListItem","position":3,"name":"Vie chr\u00e9tienne","item":"https:\/\/ensemble-paroissial-reynies.fr\/?page_id=419"},{"@type":"ListItem","position":4,"name":"Bapt\u00eame"}]},{"@type":"WebSite","@id":"https:\/\/ensemble-paroissial-reynies.fr\/#website","url":"https:\/\/ensemble-paroissial-reynies.fr\/","name":"Ensemble paroissial de Reyni\u00e8s","description":"","publisher":{"@id":"https:\/\/ensemble-paroissial-reynies.fr\/#organization"},"alternateName":"EPReyni\u00e8s","potentialAction":[{"@type":"SearchAction","target":{"@type":"EntryPoint","urlTemplate":"https:\/\/ensemble-paroissial-reynies.fr\/?s={search_term_string}"},"query-input":{"@type":"PropertyValueSpecification","valueRequired":true,"valueName":"search_term_string"}}],"inLanguage":"fr-FR"},{"@type":"Organization","@id":"https:\/\/ensemble-paroissial-reynies.fr\/#organization","name":"Ensemble paroissial de Reyni\u00e8s","alternateName":"EPReyni\u00e8s","url":"https:\/\/ensemble-paroissial-reynies.fr\/","logo":{"@type":"ImageObject","inLanguage":"fr-FR","@id":"https:\/\/ensemble-paroissial-reynies.fr\/#\/schema\/logo\/image\/","url":"https:\/\/ensemble-paroissial-reynies.fr\/wp-content\/uploads\/paroisse\/nouveau-logo-catechisme-paroisse-07-2023.jpg","contentUrl":"https:\/\/ensemble-paroissial-reynies.fr\/wp-content\/uploads\/paroisse\/nouveau-logo-catechisme-paroisse-07-2023.jpg","width":666,"height":698,"caption":"Ensemble paroissial de Reyni\u00e8s"},"image":{"@id":"https:\/\/ensemble-paroissial-reynies.fr\/#\/schema\/logo\/image\/"}}]}},"featured_image_src":null,"featured_image_src_square":null,"_links":{"self":[{"href":"https:\/\/ensemble-paroissial-reynies.fr\/index.php?rest_route=\/wp\/v2\/pages\/421","targetHints":{"allow":["GET"]}}],"collection":[{"href":"https:\/\/ensemble-paroissial-reynies.fr\/index.php?rest_route=\/wp\/v2\/pages"}],"about":[{"href":"https:\/\/ensemble-paroissial-reynies.fr\/index.php?rest_route=\/wp\/v2\/types\/page"}],"author":[{"embeddable":true,"href":"https:\/\/ensemble-paroissial-reynies.fr\/index.php?rest_route=\/wp\/v2\/users\/1"}],"replies":[{"embeddable":true,"href":"https:\/\/ensemble-paroissial-reynies.fr\/index.php?rest_route=%2Fwp%2Fv2%2Fcomments&post=421"}],"version-history":[{"count":0,"href":"https:\/\/ensemble-paroissial-reynies.fr\/index.php?rest_route=\/wp\/v2\/pages\/421\/revisions"}],"up":[{"embeddable":true,"href":"https:\/\/ensemble-paroissial-reynies.fr\/index.php?rest_route=\/wp\/v2\/pages\/419"}],"wp:attachment":[{"href":"https:\/\/ensemble-paroissial-reynies.fr\/index.php?rest_route=%2Fwp%2Fv2%2Fmedia&parent=421"}],"curies":[{"name":"wp","href":"https:\/\/api.w.org\/{rel}","templated":true}]}}