{"id":1414,"date":"2024-09-27T15:18:17","date_gmt":"2024-09-27T13:18:17","guid":{"rendered":"https:\/\/ensemble-paroissial-reynies.fr\/?page_id=1414"},"modified":"2024-10-08T13:45:50","modified_gmt":"2024-10-08T11:45:50","slug":"saint-saturnin","status":"publish","type":"page","link":"https:\/\/ensemble-paroissial-reynies.fr\/?page_id=1414","title":{"rendered":"Saint Saturnin"},"content":{"rendered":"\n<div class=\"wp-block-group is-nowrap is-layout-flex wp-container-core-group-is-layout-ad2f72ca wp-block-group-is-layout-flex\">\n<figure class=\"wp-block-image size-large is-resized\"><a href=\"https:\/\/ensemble-paroissial-reynies.fr\/wp-content\/uploads\/eglise_nohic\/20180222_175346-scaled-1.jpg\"><img loading=\"lazy\" decoding=\"async\" width=\"1024\" height=\"576\" src=\"https:\/\/ensemble-paroissial-reynies.fr\/wp-content\/uploads\/eglise_nohic\/20180222_175346-scaled-1-1024x576.jpg\" alt=\"\" class=\"wp-image-887\" style=\"width:184px;height:auto\" srcset=\"https:\/\/ensemble-paroissial-reynies.fr\/wp-content\/uploads\/eglise_nohic\/20180222_175346-scaled-1-1024x576.jpg 1024w, https:\/\/ensemble-paroissial-reynies.fr\/wp-content\/uploads\/eglise_nohic\/20180222_175346-scaled-1-300x169.jpg 300w, https:\/\/ensemble-paroissial-reynies.fr\/wp-content\/uploads\/eglise_nohic\/20180222_175346-scaled-1-768x432.jpg 768w, https:\/\/ensemble-paroissial-reynies.fr\/wp-content\/uploads\/eglise_nohic\/20180222_175346-scaled-1-1536x864.jpg 1536w, https:\/\/ensemble-paroissial-reynies.fr\/wp-content\/uploads\/eglise_nohic\/20180222_175346-scaled-1-2048x1152.jpg 2048w\" sizes=\"auto, (max-width: 1024px) 100vw, 1024px\" \/><\/a><\/figure>\n\n\n\n<p>L\u2019\u00e9glise de Nohic est d\u00e9di\u00e9e \u00e0 saint Saturnin (Sernin).<\/p>\n<\/div>\n\n\n\n<p>Le martyrologue romain recense 21 saints Saturnin.&nbsp;Il y a deux saints Saturnin martyrs au 2e et 3e si\u00e8cle qui sont f\u00eat\u00e9s tous les deux le 29 novembre&nbsp;: saint Saturnin, un chr\u00e9tien habitant Rome mis \u00e0 mort en l\u2019an 305, et Saturnin, premier \u00e9v\u00eaque de Toulouse habituellement appel\u00e9 Sernin.<\/p>\n\n\n\n<p>Le dictionnaire du Chanoine Gayne, qui recense et d\u00e9crit toutes les \u00e9glises du Tarn-et-Garonne, indique que l\u2019\u00e9glise de Nohic est d\u00e9di\u00e9e \u00e0 saint Sernin donc \u00e0 saint Saturnin \u00e9v\u00eaque de Toulouse.<\/p>\n\n\n\n<p>Saturnin \u00e9tait un grand pr\u00e9dicateur et fut le premier \u00e9v\u00eaque de Toulouse. Il existait tout d\u2019abord trois r\u00e9cits concernant sa mission dans l\u2019\u00c9glise&nbsp;:<\/p>\n\n\n\n<ul class=\"wp-block-list\">\n<li>certains disaient qu\u2019il fut d\u2019abord disciple de saint Jean Baptiste puis du Christ et qu\u2019il vint s\u2019offrir \u00e0 saint Andr\u00e9 puis qu\u2019il rejoignit saint Pierre pour l\u2019aider \u00e0 r\u00e9pandre le message du Christ en Orient, revenu \u00e0 Rome il est envoy\u00e9 par saint Pierre \u00e0 Toulouse pour pr\u00eacher et r\u00e9pandre le christianisme.&nbsp;<\/li>\n\n\n\n<li>certains disaient qu\u2019il re\u00e7u sa mission de saint Cl\u00e9ment vers l\u2019an 91 et qu\u2019il vint en gaule avec saint Denis l\u2019A\u00e9ropagite et ses disciples qui furent les fondateurs des premiers dioc\u00e8ses en France.&nbsp;<\/li>\n\n\n\n<li>certains mettaient sa venue en Gaule au temps de l\u2019Empire de D\u00e8ce donc vers le milieu du 3e si\u00e8cle.<\/li>\n<\/ul>\n\n\n\n<p>C\u2019est la troisi\u00e8me hypoth\u00e8se, d\u00e9crite par saint Gr\u00e9goire de Tours, qui a perdur\u00e9.<\/p>\n\n\n\n<p>Saint Saturnin fut donc envoy\u00e9 dans les Gaules par le pape saint Fabien vers l\u2019an 245. Il \u00e9vang\u00e9lisa les peuples du Languedoc et op\u00e9ra en tr\u00e8s peu de temps de tr\u00e8s nombreuses conversions.<br>C\u2019est vers l\u2019an 250 qu\u2019il fixe son si\u00e8ge \u00e9piscopal \u00e0 Toulouse o\u00f9 il avait fond\u00e9 une \u00e9glise. Pour se rendre \u00e0 cette \u00e9glise, Saturnin devait passer devant le Capitole, le temple des dieux romains. Les pr\u00eatres des idoles s\u2019avis\u00e8rent que saint Saturnin emp\u00eachait leurs idoles de rendre des oracles et d\u00e9cid\u00e8rent de le faire dispara\u00eetre si il ne reniait pas son Dieu.<br>Un jour alors qu\u2019ils allaient sacrifier un taureau dans le Capitole, saint Saturnin passa au bas du temple, ils l\u2019attrap\u00e8rent et le firent rentrer dans le temple, comme il refusait de renier son Dieu, ils le battirent et le tortur\u00e8rent violemment. Puis il l\u2019attach\u00e8rent \u00e0 la queue du taureau qu\u2019ils l\u00e2ch\u00e8rent. Le taureau s\u2019enfuit en furie entra\u00eenant saint Saturnin, en sortant du temple la t\u00eate du saint heurta une pierre et \u00e9clata, son corps fut d\u00e9chir\u00e9.<br>Ses restes furent r\u00e9cup\u00e9r\u00e9s par deux femmes courageuses qui l\u2019ensevelirent dans le lieu o\u00f9 fut ensuite \u00e9difi\u00e9e l\u2019\u00e9glise de Saint-Sernin-du-Taur (Notre-dame du Taur). Sous le r\u00e8gne de Constantin (vers l\u2019an 350), saint Hilaire, un successeur de saint Saturnin, fit entourer les restes d\u2019une vo\u00fbte en brique et une chapelle fut \u00e9lev\u00e9e au dessus. Saint Sylve fit construire une basilique (vers l\u2019an 400) pour abriter les saintes reliques. Saint Exup\u00e8re, qui avait termin\u00e9 la basilique, y transf\u00e9ra les reliques.<br>Cette premi\u00e8re basilique fut remplac\u00e9e au 11e si\u00e8cle par l\u2019actuelle basilique Saint-Sernin.<br>Au 6e si\u00e8cle, le roi Dagobert d\u00e9cida que les chasses avec les reliques de saint Sernin devaient \u00eatre transf\u00e9r\u00e9es \u00e0 l\u2019abbaye de Saint-Denis. Mais apr\u00e8s ce transfert, le Languedoc subit de fort grands d\u00e9sordres et les toulousains demand\u00e8rent que saint Saturnin revienne dans la basilique. Les moines de Saint-Denis accept\u00e8rent un \u00e9change avec d\u2019autres pr\u00e9cieuses reliques.<br>On place le martyre de saint Saturnin en l\u2019an 250 pendant les pers\u00e9cutions de D\u00e8ce (empereur romain de 249 \u00e0 251).<\/p>\n\n\n\n<p><strong>La f\u00eate de saint Saturnin est c\u00e9l\u00e9br\u00e9e le 29 novembre.<\/strong><\/p>\n\n\n\n<p class=\"has-small-font-size\"><em>Sources&nbsp;:&nbsp;\u2013 martyrologue romain traduit en fran\u00e7ais 1823&nbsp;\u2013 dictionnaire hagiographique, abb\u00e9 Perrin tome 2 1848&nbsp;\u2013 Dictionnaire historique tome 1 1818 Abb\u00e9 F.X. de Feller \u2013 m\u00e9moires pour servir \u00e0 l\u2019histoire eccl\u00e9siastique des six premiers si\u00e8cles&nbsp;\u2013 Grand livre des saints: culte et iconographie en Occident&nbsp;\u2013 Abb\u00e9 L. Jaud, Vie des Saints pour tous les jours de l\u2019ann\u00e9e, Tours, Mame, 1950<\/em><\/p>\n\n\n\n<p><\/p>\n","protected":false},"excerpt":{"rendered":"<p>L\u2019\u00e9glise de Nohic est d\u00e9di\u00e9e \u00e0 saint Saturnin (Sernin). Le martyrologue romain recense 21 saints Saturnin.&nbsp;Il y a deux saints Saturnin martyrs au 2e et 3e si\u00e8cle qui sont f\u00eat\u00e9s tous les deux le 29 novembre&nbsp;: saint Saturnin, un chr\u00e9tien habitant Rome mis \u00e0 mort en l\u2019an 305, et Saturnin, premier \u00e9v\u00eaque de Toulouse habituellement &#8230; <a title=\"Saint Saturnin\" class=\"read-more\" href=\"https:\/\/ensemble-paroissial-reynies.fr\/?page_id=1414\" aria-label=\"En savoir plus sur Saint Saturnin\">Lire la suite<\/a><\/p>\n","protected":false},"author":1,"featured_media":0,"parent":1388,"menu_order":2,"comment_status":"closed","ping_status":"closed","template":"","meta":{"_eb_attr":"","pgc_sgb_lightbox_settings":"","footnotes":""},"class_list":["post-1414","page","type-page","status-publish"],"yoast_head":"<!-- This site is optimized with the Yoast SEO plugin v27.5 - https:\/\/yoast.com\/product\/yoast-seo-wordpress\/ -->\n<title>Saint Saturnin - Ensemble paroissial de Reyni\u00e8s<\/title>\n<meta name=\"description\" content=\"Ensemble paroissial de Reyni\u00e8s - Ensemble paroissial de Reyni\u00e8s\" \/>\n<meta name=\"robots\" content=\"index, follow, max-snippet:-1, max-image-preview:large, max-video-preview:-1\" \/>\n<link rel=\"canonical\" href=\"https:\/\/ensemble-paroissial-reynies.fr\/?page_id=1414\" \/>\n<meta property=\"og:locale\" content=\"fr_FR\" \/>\n<meta property=\"og:type\" content=\"article\" \/>\n<meta property=\"og:title\" content=\"Saint Saturnin - Ensemble paroissial de Reyni\u00e8s\" \/>\n<meta property=\"og:description\" content=\"Ensemble paroissial de Reyni\u00e8s - Ensemble paroissial de Reyni\u00e8s\" \/>\n<meta property=\"og:url\" content=\"https:\/\/ensemble-paroissial-reynies.fr\/?page_id=1414\" \/>\n<meta property=\"og:site_name\" content=\"Ensemble paroissial de Reyni\u00e8s\" \/>\n<meta property=\"article:modified_time\" content=\"2024-10-08T11:45:50+00:00\" \/>\n<meta property=\"og:image\" content=\"https:\/\/ensemble-paroissial-reynies.fr\/wp-content\/uploads\/eglise_nohic\/20180222_175346-scaled-1-1024x576.jpg\" \/>\n<meta name=\"twitter:card\" content=\"summary_large_image\" \/>\n<meta name=\"twitter:label1\" content=\"Dur\u00e9e de lecture estim\u00e9e\" \/>\n\t<meta name=\"twitter:data1\" content=\"4 minutes\" \/>\n<script type=\"application\/ld+json\" class=\"yoast-schema-graph\">{\"@context\":\"https:\\\/\\\/schema.org\",\"@graph\":[{\"@type\":\"WebPage\",\"@id\":\"https:\\\/\\\/ensemble-paroissial-reynies.fr\\\/?page_id=1414\",\"url\":\"https:\\\/\\\/ensemble-paroissial-reynies.fr\\\/?page_id=1414\",\"name\":\"Saint Saturnin - Ensemble paroissial de Reyni\u00e8s\",\"isPartOf\":{\"@id\":\"https:\\\/\\\/ensemble-paroissial-reynies.fr\\\/#website\"},\"primaryImageOfPage\":{\"@id\":\"https:\\\/\\\/ensemble-paroissial-reynies.fr\\\/?page_id=1414#primaryimage\"},\"image\":{\"@id\":\"https:\\\/\\\/ensemble-paroissial-reynies.fr\\\/?page_id=1414#primaryimage\"},\"thumbnailUrl\":\"https:\\\/\\\/ensemble-paroissial-reynies.fr\\\/wp-content\\\/uploads\\\/eglise_nohic\\\/20180222_175346-scaled-1-1024x576.jpg\",\"datePublished\":\"2024-09-27T13:18:17+00:00\",\"dateModified\":\"2024-10-08T11:45:50+00:00\",\"description\":\"Ensemble paroissial de Reyni\u00e8s - Ensemble paroissial de Reyni\u00e8s\",\"breadcrumb\":{\"@id\":\"https:\\\/\\\/ensemble-paroissial-reynies.fr\\\/?page_id=1414#breadcrumb\"},\"inLanguage\":\"fr-FR\",\"potentialAction\":[{\"@type\":\"ReadAction\",\"target\":[\"https:\\\/\\\/ensemble-paroissial-reynies.fr\\\/?page_id=1414\"]}]},{\"@type\":\"ImageObject\",\"inLanguage\":\"fr-FR\",\"@id\":\"https:\\\/\\\/ensemble-paroissial-reynies.fr\\\/?page_id=1414#primaryimage\",\"url\":\"https:\\\/\\\/ensemble-paroissial-reynies.fr\\\/wp-content\\\/uploads\\\/eglise_nohic\\\/20180222_175346-scaled-1.jpg\",\"contentUrl\":\"https:\\\/\\\/ensemble-paroissial-reynies.fr\\\/wp-content\\\/uploads\\\/eglise_nohic\\\/20180222_175346-scaled-1.jpg\",\"width\":2560,\"height\":1440},{\"@type\":\"BreadcrumbList\",\"@id\":\"https:\\\/\\\/ensemble-paroissial-reynies.fr\\\/?page_id=1414#breadcrumb\",\"itemListElement\":[{\"@type\":\"ListItem\",\"position\":1,\"name\":\"Home\",\"item\":\"https:\\\/\\\/ensemble-paroissial-reynies.fr\\\/\"},{\"@type\":\"ListItem\",\"position\":2,\"name\":\"Accueil\",\"item\":\"https:\\\/\\\/ensemble-paroissial-reynies.fr\\\/\"},{\"@type\":\"ListItem\",\"position\":3,\"name\":\"D\u00e9couvrir l&#8217;Ensemble Paroissial\",\"item\":\"https:\\\/\\\/ensemble-paroissial-reynies.fr\\\/?page_id=535\"},{\"@type\":\"ListItem\",\"position\":4,\"name\":\"Nos \u00c9glises et Chapelles\",\"item\":\"https:\\\/\\\/ensemble-paroissial-reynies.fr\\\/?page_id=2\"},{\"@type\":\"ListItem\",\"position\":5,\"name\":\"Nohic &#8211; \u00c9glise Saint Saturnin\",\"item\":\"https:\\\/\\\/ensemble-paroissial-reynies.fr\\\/?page_id=1388\"},{\"@type\":\"ListItem\",\"position\":6,\"name\":\"Saint Saturnin\"}]},{\"@type\":\"WebSite\",\"@id\":\"https:\\\/\\\/ensemble-paroissial-reynies.fr\\\/#website\",\"url\":\"https:\\\/\\\/ensemble-paroissial-reynies.fr\\\/\",\"name\":\"Ensemble paroissial de Reyni\u00e8s\",\"description\":\"\",\"publisher\":{\"@id\":\"https:\\\/\\\/ensemble-paroissial-reynies.fr\\\/#organization\"},\"alternateName\":\"EPReyni\u00e8s\",\"potentialAction\":[{\"@type\":\"SearchAction\",\"target\":{\"@type\":\"EntryPoint\",\"urlTemplate\":\"https:\\\/\\\/ensemble-paroissial-reynies.fr\\\/?s={search_term_string}\"},\"query-input\":{\"@type\":\"PropertyValueSpecification\",\"valueRequired\":true,\"valueName\":\"search_term_string\"}}],\"inLanguage\":\"fr-FR\"},{\"@type\":\"Organization\",\"@id\":\"https:\\\/\\\/ensemble-paroissial-reynies.fr\\\/#organization\",\"name\":\"Ensemble paroissial de Reyni\u00e8s\",\"alternateName\":\"EPReyni\u00e8s\",\"url\":\"https:\\\/\\\/ensemble-paroissial-reynies.fr\\\/\",\"logo\":{\"@type\":\"ImageObject\",\"inLanguage\":\"fr-FR\",\"@id\":\"https:\\\/\\\/ensemble-paroissial-reynies.fr\\\/#\\\/schema\\\/logo\\\/image\\\/\",\"url\":\"https:\\\/\\\/ensemble-paroissial-reynies.fr\\\/wp-content\\\/uploads\\\/paroisse\\\/nouveau-logo-catechisme-paroisse-07-2023.jpg\",\"contentUrl\":\"https:\\\/\\\/ensemble-paroissial-reynies.fr\\\/wp-content\\\/uploads\\\/paroisse\\\/nouveau-logo-catechisme-paroisse-07-2023.jpg\",\"width\":666,\"height\":698,\"caption\":\"Ensemble paroissial de Reyni\u00e8s\"},\"image\":{\"@id\":\"https:\\\/\\\/ensemble-paroissial-reynies.fr\\\/#\\\/schema\\\/logo\\\/image\\\/\"}}]}<\/script>\n<!-- \/ Yoast SEO plugin. -->","yoast_head_json":{"title":"Saint Saturnin - Ensemble paroissial de Reyni\u00e8s","description":"Ensemble paroissial de Reyni\u00e8s - Ensemble paroissial de Reyni\u00e8s","robots":{"index":"index","follow":"follow","max-snippet":"max-snippet:-1","max-image-preview":"max-image-preview:large","max-video-preview":"max-video-preview:-1"},"canonical":"https:\/\/ensemble-paroissial-reynies.fr\/?page_id=1414","og_locale":"fr_FR","og_type":"article","og_title":"Saint Saturnin - Ensemble paroissial de Reyni\u00e8s","og_description":"Ensemble paroissial de Reyni\u00e8s - Ensemble paroissial de Reyni\u00e8s","og_url":"https:\/\/ensemble-paroissial-reynies.fr\/?page_id=1414","og_site_name":"Ensemble paroissial de Reyni\u00e8s","article_modified_time":"2024-10-08T11:45:50+00:00","og_image":[{"url":"https:\/\/ensemble-paroissial-reynies.fr\/wp-content\/uploads\/eglise_nohic\/20180222_175346-scaled-1-1024x576.jpg","type":"","width":"","height":""}],"twitter_card":"summary_large_image","twitter_misc":{"Dur\u00e9e de lecture estim\u00e9e":"4 minutes"},"schema":{"@context":"https:\/\/schema.org","@graph":[{"@type":"WebPage","@id":"https:\/\/ensemble-paroissial-reynies.fr\/?page_id=1414","url":"https:\/\/ensemble-paroissial-reynies.fr\/?page_id=1414","name":"Saint Saturnin - Ensemble paroissial de Reyni\u00e8s","isPartOf":{"@id":"https:\/\/ensemble-paroissial-reynies.fr\/#website"},"primaryImageOfPage":{"@id":"https:\/\/ensemble-paroissial-reynies.fr\/?page_id=1414#primaryimage"},"image":{"@id":"https:\/\/ensemble-paroissial-reynies.fr\/?page_id=1414#primaryimage"},"thumbnailUrl":"https:\/\/ensemble-paroissial-reynies.fr\/wp-content\/uploads\/eglise_nohic\/20180222_175346-scaled-1-1024x576.jpg","datePublished":"2024-09-27T13:18:17+00:00","dateModified":"2024-10-08T11:45:50+00:00","description":"Ensemble paroissial de Reyni\u00e8s - Ensemble paroissial de Reyni\u00e8s","breadcrumb":{"@id":"https:\/\/ensemble-paroissial-reynies.fr\/?page_id=1414#breadcrumb"},"inLanguage":"fr-FR","potentialAction":[{"@type":"ReadAction","target":["https:\/\/ensemble-paroissial-reynies.fr\/?page_id=1414"]}]},{"@type":"ImageObject","inLanguage":"fr-FR","@id":"https:\/\/ensemble-paroissial-reynies.fr\/?page_id=1414#primaryimage","url":"https:\/\/ensemble-paroissial-reynies.fr\/wp-content\/uploads\/eglise_nohic\/20180222_175346-scaled-1.jpg","contentUrl":"https:\/\/ensemble-paroissial-reynies.fr\/wp-content\/uploads\/eglise_nohic\/20180222_175346-scaled-1.jpg","width":2560,"height":1440},{"@type":"BreadcrumbList","@id":"https:\/\/ensemble-paroissial-reynies.fr\/?page_id=1414#breadcrumb","itemListElement":[{"@type":"ListItem","position":1,"name":"Home","item":"https:\/\/ensemble-paroissial-reynies.fr\/"},{"@type":"ListItem","position":2,"name":"Accueil","item":"https:\/\/ensemble-paroissial-reynies.fr\/"},{"@type":"ListItem","position":3,"name":"D\u00e9couvrir l&#8217;Ensemble Paroissial","item":"https:\/\/ensemble-paroissial-reynies.fr\/?page_id=535"},{"@type":"ListItem","position":4,"name":"Nos \u00c9glises et Chapelles","item":"https:\/\/ensemble-paroissial-reynies.fr\/?page_id=2"},{"@type":"ListItem","position":5,"name":"Nohic &#8211; \u00c9glise Saint Saturnin","item":"https:\/\/ensemble-paroissial-reynies.fr\/?page_id=1388"},{"@type":"ListItem","position":6,"name":"Saint Saturnin"}]},{"@type":"WebSite","@id":"https:\/\/ensemble-paroissial-reynies.fr\/#website","url":"https:\/\/ensemble-paroissial-reynies.fr\/","name":"Ensemble paroissial de Reyni\u00e8s","description":"","publisher":{"@id":"https:\/\/ensemble-paroissial-reynies.fr\/#organization"},"alternateName":"EPReyni\u00e8s","potentialAction":[{"@type":"SearchAction","target":{"@type":"EntryPoint","urlTemplate":"https:\/\/ensemble-paroissial-reynies.fr\/?s={search_term_string}"},"query-input":{"@type":"PropertyValueSpecification","valueRequired":true,"valueName":"search_term_string"}}],"inLanguage":"fr-FR"},{"@type":"Organization","@id":"https:\/\/ensemble-paroissial-reynies.fr\/#organization","name":"Ensemble paroissial de Reyni\u00e8s","alternateName":"EPReyni\u00e8s","url":"https:\/\/ensemble-paroissial-reynies.fr\/","logo":{"@type":"ImageObject","inLanguage":"fr-FR","@id":"https:\/\/ensemble-paroissial-reynies.fr\/#\/schema\/logo\/image\/","url":"https:\/\/ensemble-paroissial-reynies.fr\/wp-content\/uploads\/paroisse\/nouveau-logo-catechisme-paroisse-07-2023.jpg","contentUrl":"https:\/\/ensemble-paroissial-reynies.fr\/wp-content\/uploads\/paroisse\/nouveau-logo-catechisme-paroisse-07-2023.jpg","width":666,"height":698,"caption":"Ensemble paroissial de Reyni\u00e8s"},"image":{"@id":"https:\/\/ensemble-paroissial-reynies.fr\/#\/schema\/logo\/image\/"}}]}},"featured_image_src":null,"featured_image_src_square":null,"_links":{"self":[{"href":"https:\/\/ensemble-paroissial-reynies.fr\/index.php?rest_route=\/wp\/v2\/pages\/1414","targetHints":{"allow":["GET"]}}],"collection":[{"href":"https:\/\/ensemble-paroissial-reynies.fr\/index.php?rest_route=\/wp\/v2\/pages"}],"about":[{"href":"https:\/\/ensemble-paroissial-reynies.fr\/index.php?rest_route=\/wp\/v2\/types\/page"}],"author":[{"embeddable":true,"href":"https:\/\/ensemble-paroissial-reynies.fr\/index.php?rest_route=\/wp\/v2\/users\/1"}],"replies":[{"embeddable":true,"href":"https:\/\/ensemble-paroissial-reynies.fr\/index.php?rest_route=%2Fwp%2Fv2%2Fcomments&post=1414"}],"version-history":[{"count":0,"href":"https:\/\/ensemble-paroissial-reynies.fr\/index.php?rest_route=\/wp\/v2\/pages\/1414\/revisions"}],"up":[{"embeddable":true,"href":"https:\/\/ensemble-paroissial-reynies.fr\/index.php?rest_route=\/wp\/v2\/pages\/1388"}],"wp:attachment":[{"href":"https:\/\/ensemble-paroissial-reynies.fr\/index.php?rest_route=%2Fwp%2Fv2%2Fmedia&parent=1414"}],"curies":[{"name":"wp","href":"https:\/\/api.w.org\/{rel}","templated":true}]}}